+ 21121?
21112
In base 11, what is 2 - -1a?
21
In base 14, what is 6cda + -3?
6cd7
In base 11, what is -24 - -9?
-16
In base 4, what is 121022 - 0?
121022
In base 2, what is 111 + -11101?
-10110
In base 9, what is -1 + -2304?
-2305
In base 2, what is 1 + -110000?
-101111
In base 9, what is 5 - 25?
-20
In base 13, what is 19 + 8?
24
In base 14, what is 75 - 1?
74
In base 10, what is 5 + -1891?
-1886
In base 8, what is -2 + -11315?
-11317
In base 15, what is -119 + 4?
-115
In base 12, what is -112 - 2?
-114
In base 9, what is -20 + -205?
-225
In base 8, what is 356 + 2?
360
In base 4, what is 111 + 13030?
13201
In base 6, what is -4 - -1532?
1524
In base 2, what is 10 - 1001001001?
-1001000111
In base 16, what is -a1d + 5?
-a18
In base 3, what is 11 - 1110?
-1022
In base 12, what is -3732 - -3?
-372b
In base 2, what is -1001 - -10?
-111
In base 14, what is -853 - 0?
-853
In base 5, what is 2 + 224?
231
In base 4, what is -22 - 2011?
-2033
In base 12, what is 34 - -25?
59
In base 5, what is 2 + -33120?
-33113
In base 15, what is b + 30?
3b
In base 8, what is 3142 + 1?
3143
In base 7, what is 3 + -65?
-62
In base 2, what is -1010100 - -1?
-1010011
In base 7, what is 300 - -61?
361
In base 5, what is 30444 - -4?
31003
In base 13, what is -8 - 361?
-369
In base 4, what is 30000 + 10?
30010
In base 13, what is -8ba + -4?
-8c1
In base 3, what is -21 - 101011?
-101102
In base 6, what is -2224 - 2?
-2230
In base 10, what is 17 - 3?
14
In base 10, what is 3742 - 1?
3741
In base 5, what is -10420 + -3?
-10423
In base 14, what is 345 - -1?
346
In base 10, what is -5 + 146?
141
In base 10, what is -2348 - 0?
-2348
In base 12, what is -5 - 62?
-67
In base 7, what is 533 - -2?
535
In base 9, what is -1 + 2?
1
In base 9, what is 3 - 2448?
-2445
In base 7, what is -3131 + 2?
-3126
In base 4, what is 3011 + 130?
3201
In base 7, what is 4241 - 0?
4241
In base 16, what is 103 - 3?
100
In base 8, what is -4 + -77?
-103
In base 16, what is b4 - 2?
b2
In base 8, what is 4 - 13?
-7
In base 9, what is 0 + 7?
7
In base 6, what is 3 - 1344?
-1341
In base 2, what is 11110011 + 10110?
100001001
In base 8, what is -461 + 0?
-461
In base 2, what is 100 - -1000000?
1000100
In base 6, what is 5 + 214?
223
In base 6, what is -154 + 21?
-133
In base 12, what is -8a88 + -1?
-8a89
In base 13, what is 4c - -4?
53
In base 12, what is -25 - -1?
-24
In base 2, what is -110100 - 11?
-110111
In base 15, what is -41 - -3?
-3d
In base 11, what is 2396 + 5?
23a0
In base 13, what is -3 - a2?
-a5
In base 7, what is 2330 - 4?
2323
In base 13, what is 3 + 73?
76
In base 11, what is 4 - 3995?
-3991
In base 15, what is 4 + 69?
6d
In base 8, what is -3 + -20?
-23
In base 11, what is -13 - -118?
105
In base 6, what is -34 - 43?
-121
In base 3, what is 0 - -112000?
112000
In base 2, what is 10011101100110 - 10?
10011101100100
In base 16, what is 3 - -9?
c
In base 6, what is 310 - -2?
312
In base 16, what is -1ba3 - 3?
-1ba6
In base 12, what is -4 - -29?
25
In base 4, what is 22 - 110213?
-110131
In base 4, what is -3 + 0?
-3
In base 12, what is 182 - 5?
179
In base 6, what is 1 - -2331?
2332
In base 7, what is 2132 + -1?
2131
In base 7, what is -20 + 261?
241
In base 9, what is -210 + -5?
-215
In base 7, what is 6 + 54?
63
In base 9, what is 6 + 118?
125
In base 2, what is -1 - 100010111?
-100011000
In base 16, what is -2 + -94b?
-94d
In base 10, what is 9728 - 1?
9727
In base 6, what is -15412 + -5?
-15421
In base 15, what is 1d7 - -56?
23d
In base 10, what is -6 - 3?
-9
In base 6, what is 333 + -3?
330
In base 5, what is -4320 - -10?
-4310
In base 8, what is 0 + 625?
625
In base 13, what is 0 - -15?
15
In base 2, what is 10011 + 100?
10111
In base 9, what is -3 + 2785?
2782
In base 4, what is 1121 + 11?
1132
In base 6, what is 525500 - 5?
525451
In base 10, what is -8 + -16?
-24
In base 4, what is -10320 - -1?
-10313
In base 15, what is 819 + 2?
81b
In base 11, what is -2 - -185?
183
In base 7, what is -11326 - -1?
-11325
In base 10, what is 4 - 25?
-21
In base 16, what is -4c + c3?
77
In base 10, what is -2 - 1839?
-1841
In base 5, what is 2 - -3243?
3300
In base 5, what is -41 - -211?
120
In base 4, what is -213 + 1100?
221
In base 12, what is 4 + -54?
-50
In base 3, what is -10200021 + -2?
-10200100
In base 15, what is 2d + 4?
32
In base 10, what is -5159 - -3?
-5156
In base 7, what is -11 - 1364?
-1405
In base 16, what is 2 + 1f5?
1f7
In base 9, what is -140 + 42?
-87
In base 16, what is 2 - 69?
-67
In base 11, what is -3 - 16?
-19
In base 10, what is -23 + 22?
-1
In base 9, what is 520 - -3?
523
In base 15, what is 9 - 9?
0
In base 7, what is -1132 - 0?
-1132
In base 5, what is -100 + 111?
11
In base 16, what is 3 - a98?
-a95
In base 13, what is 3 - -17c?
182
In base 12, what is 7 + -232?
-227
In base 16, what is 2c - 21?
b
In base 15, what is 42a + 0?
42a
In base 9, what is 3 - 4733?
-4730
In base 13, what is 121 - 5?
119
In base 11, what is 106 + -54?
62
In base 2, what is 110100101 + 11?
110101000
In base 11, what is -5 + 67?
62
In base 6, what is 0 - -3?
3
In base 11, what is 7 - -183?
18a
In base 2, what is 1000011111 + -101?
1000011010
In base 14, what is -1 - -87?
86
In base 16, what is 282 + 3?
285
In base 13, what is 83 - -2?
85
In base 13, what is -5 + 81?
79
In base 4, what is 10 - -12201?
12211
In base 10, what is -455 - -6?
-449
In base 5, what is 121301 + 0?
121301
In base 13, what is -1 + -26?
-27
In base 11, what is -154 + 4?
-150
In base 8, what is -2 - 565?
-567
In base 6, what is -3 + -2445?
-2452
In base 3, what is -100 + -10202?
-11002
In base 14, what is 3 - 579?
-576
In base 7, what is -2363 - 4?
-2400
In base 3, what is 112 - -1?
120
In base 8, what is 1401 + -5?
1374
In base 6, what is 1 + 1413?
1414
In base 13, what is 2 + -16?
-14
In base 16, what is 2 + -296?
-294
In base 15, what is 22 + 58?
7a
In base 4, what is -1121 + 11?
-1110
In base 5, what is -20 - -13?
-2
In base 13, what is 6a45 + -1?
6a44
In base 7, what is -2 - 5?
-10
In base 3, what is -10 - 1012012?
-1012022
In base 15, what is -3 + -38?
-3b
In base 4, what is -22 + 23103?
23021
In base 10, what is 9 - -16?
25
In base 14, what is -194 - -4?
-190
In base 4, what is 101 - 3?
32
In base 3, what is -110 + -120000?
-120110
In base 13, what is 11 - 49?
-38
In base 12, what is 1 - -562?
563
In base 2, what is 1110110 + 11100?
10010010
In base 2, what is -10001111 - 0?
-10001111
In base 13, what is -2 + c8?
c6
In base 12, what is 3 + 205?
208
In base 4, what is 12 - 10030?
-10012
In base 3, what is -21222 + -11?
-22010
In base 8, what is 16633 - -3?
16636
In base 4, what is -133 - 13?
-212
In base 4, what is 12010 - 3?
12001
In base 4, what is 102 - -22?
130
In base 16, what is 21 + -b6?
-95
In base 3, what is -102222111 - 0?
-102222111
In base 3, what is 11 + -110011?
-110000
In base 7, what is 1240 - 5?
1232
In base 9, what is -8713 - 0?
-8713
In base 13, what is 18c - -1?
190
In base 10, what is 3698 - -1?
3699
In base 6, what is -333 - 13?
-350
In base 15, what is -ba - -5?
-b5
In base 14, what is -7 - -67?
60
In base 11, what is -16 - -6?
-10
In base 5, what is 33 - -34?
122
In base 8, what is -170 + 3?
-165
In base 3, what is -10 + -1120?
-1200
In base 16, what is -37 + d?
-2a
In base 15, what is c633 + 0?
c633
In base 16, what is -1 - 27?
-28
In base 7, what is 5 - 46?
-41
In base 10, what is 1398 - 2?
1396
In base 14, what is 216 - -1?
217
In base 12, what is 605 + -7?
5ba
In base 10, what is 1400 - 5?
1395
In base 11, what is -2 + -31a?
-321
In base 15, what is 80 + 2b?
ab
In base 12, what is 8 - 33?
-27
In base 15, what is -19 + -1c?
-36
In base 4, what is -21230 - -1?
-21223
In base 16, what is -5 + -6d?
-72
In base 5, what is -2 + -2332?
-2334
In base 3, what is 1100 + 12?
1112
In base 15, what is -9a + -4?
-9e
In base 13, what is 0 + 374?
374
In base 15, what is 36 - -13?
49
In base 6, what is 31 - 132?
-101
In base 6, what is -1333 + -3?
-1340
In base 9, what is 1561 - 2?
1558
In base 10, what is 15 + -830?
-815
In base 10, what is -36 + -4?
-40
In base 7, what is -11664 - 5?
-12002
In base 2, what is 101 - 10?
11
In base 4, what is 0 + 130?
130
In base 8, what is -64 - -1?
-63
In base 11, what is -1 + -231?
-232
In base 14, what is -120 + -3d?
-15d
In base 6, what is 1535 + 1?
1540
In bas